 composite?
True
Let u be 58/12 + 15/(-18) + 1. Suppose -u*z - 649 = -2*s, -2*z + 12 - 2 = 0. Is s prime?
True
Let x(b) = 81644*b - 351. Is x(2) a composite number?
False
Let a(x) = 167559*x**2 - 36*x - 2. Is a(1) prime?
True
Let v(u) = -7081*u + 2484. Is v(-7) prime?
True
Let v be (1 + 4)/((-23)/(-3197)). Let l = v - -704. Is l prime?
True
Let t = 101 + -92. Suppose 3*w + 2*k = 9881, 0 = -4*k + t - 5. Is w a prime number?
False
Suppose 46*n - 43*n = 3*z - 168822, 3*z + 7*n = 168812. Is z a composite number?
True
Let v be -2 + 15/9 - (-1843)/3. Suppose 6334 + v = 12*b. Is b a prime number?
False
Suppose -13924171 + 1046959 = -19*d. Is d/68 - 4/(-34) a composite number?
False
Let j(r) = 458*r - 153. Let g(w) = 914*w - 304. Let z(p) = 6*g(p) - 11*j(p). Is z(20) a prime number?
True
Suppose 13*r - 8566454 = -25*r. Is r prime?
False
Let x(u) = 6*u + 103. Let h be x(-17). Is 4/6 - h - (-25670)/15 composite?
True
Let t be (0/(-6))/(0 - -1). Suppose q + q - 3314 = t. Is q composite?
False
Let i(z) = 20*z**2 + 11*z + 17. Let q be (273/(-84))/(1/4). Let a be -2 + 8 + -3 - (0 - q). Is i(a) prime?
True
Let z(b) be the first derivative of 23*b**2 - 31*b - 51. Let q = -48 + 56. Is z(q) composite?
False
Suppose 53*n - 52*n + 2*j - 103139 = 0, -3*n = -5*j - 309461. Is n a prime number?
False
Let i(n) = 1456*n**2 - 604*n**2 + 5 + 2067*n**2 - 1 - 3. Is i(2) prime?
True
Suppose 0 = 3*b - l - 104, 3*l + 83 = 5*b - 93. Let a = b + -36. Is 254*(-2)/(8/a) a prime number?
True
Suppose 42*d + 632349 = 332*d - 415421. Is d prime?
True
Suppose -65 = 5*z - 2*k + 325, 5*k + 78 = -z. Is 4/(-26) + (-2 - 147042/z) prime?
False
Suppose -41*g + 137*g - 56041289 = -3759593. Is g prime?
True
Let r = 52731 + 33988. Is r composite?
False
Let o be (-8)/16 + (38/(-4))/(-1). Suppose -6*u - 573 = -o*u. Is u a composite number?
False
Let q = -66 + 292. Let s = -407 + 727. Let x = s - q. Is x a prime number?
False
Suppose 5*u - 6308 = f, 11*u = -5*f + 12*u - 31468. Let i = -3366 - f. Is i a prime number?
True
Let w be (338/(-39))/((-6)/423). Suppose -3*v = a + 297, -4*a + 5*v - 188 = 915. Let y = a + w. Is y prime?
False
Let r be 0/(2 + 0)*27/54. Suppose r = -d + 220 - 57. Is d composite?
False
Let x(q) = 92563*q - 3099. Is x(2) a composite number?
False
Suppose -z - 5*s = -2357 + 743, -2*s = 2*z - 3196. Is z composite?
True
Suppose 0 = 5*g - 2*o - 23 + 5, 4*g = -4*o + 20. Is -5 + 10696 - (0 + g) composite?
False
Let b(h) = 1992*h**2 - 7235*h + 14464*h - 1 - 7227*h. Let q be (2 - 0)*(-1)/(-2). Is b(q) a composite number?
False
Let b(z) = 2*z - 1. Let u(y) = 308*y + 7. Let v(i) = -4*b(i) - u(i). Is v(-5) prime?
False
Let t(w) = w**3 + 4*w. Let a be t(3). Let y = a + -37. Suppose -y*g - 311 = -4617. Is g composite?
False
Is 10/(-15)*(6331602/(-12) - -7) composite?
False
Let y(l) = 35*l**2 + 164*l - 61. Is y(-34) composite?
True
Suppose 1004*r + 2283777 = 1022*r - 1511109. Is r a prime number?
True
Let y = 73966 + -49679. Is y prime?
False
Let c = -259 - -284. Suppose 305903 = -12*j + c*j. Is j a composite number?
False
Let x(i) = 60815*i - 6029. Is x(24) composite?
True
Is (1741360/200)/(4/10) composite?
False
Let w = -23 + 28. Let x be 276051/33 - 2/55*w. Suppose 53*n - 58*n = -x. Is n prime?
False
Suppose -z + 4 = 0, -6*z + 260940 = 4*f - 10*z. Is f prime?
True
Let p be (48/30)/((-4)/(-30)). Suppose 4 = p*t - 16*t. Is 1562 - (t - -2) - -2 prime?
False
Suppose 13*r - 712766 - 73643 = 0. Is r a composite number?
False
Let f = -5719 + 59756. Is f prime?
True
Is ((-22)/(-8))/(6/12504) composite?
True
Let j(x) = x**3 + 4*x**2 - 7*x + 16. Let f be j(-7). Let g = -30 - f. Suppose -z - g + 86 = 0. Is z a composite number?
True
Let g = -453 - -457. Suppose 5*p - 5081 + 34460 = g*q, -2*q - 2*p + 14676 = 0. Is q a prime number?
False
Suppose -3*s = -8*s - 5*o + 606970, -5*s - 3*o + 606972 = 0. Suppose 5*v - s = -5*j, -5*j - 5*v + 97114 = -j. Is j composite?
False
Let j = 148430 + -95009. Is j a composite number?
True
Let a be (7/14)/(1/2). Let l be (-1 - 5)*a/(3/6). Is (-9)/((-27)/l) + 1121 a prime number?
True
Suppose 0 = n - 5*g - 276024, 0 = -42*n + 39*n + 6*g + 828027. Is n a prime number?
True
Let p(x) = 3*x + 9468 + 6787 - 2*x**2 + 0*x. Is p(0) prime?
False
Suppose j + 5*y = 52949, 0 = -2*j + 5*j + 2*y - 158847. Is j prime?
False
Let r be 2 - (7 - 7 - 206). Let b = r + 5571. Is b composite?
False
Let c = -30472 + 76683. Is c a prime number?
False
Let r = -118 - -122. Let f(m) = 661*m**2 - 3*m + 25. Is f(r) a prime number?
True
Let c be (-105)/28 - ((-18)/(-8) - 2). Let q = c + 11. Is (-106)/(q + -5)*-23 a prime number?
False
Let r(g) = 849*g**3 - 89*g**2 + 19*g - 16. Is r(7) composite?
True
Let k = 147545 + -41236. Is k a prime number?
False
Let i = 2850 - -2003. Is i composite?
True
Suppose 3263*b = 3210*b + 14078973. Is b a prime number?
False
Let j be 2752*((-3)/(-2) - 0). Let p = -2782 + j. Is p a composite number?
True
Suppose -2*v + 582429 - 222931 = -198036. Is v a composite number?
False
Let g be ((-1188)/(-45))/(-6) - (-4)/10. Let c(y) = 50*y**2 + 4*y + 3. Is c(g) a prime number?
True
Suppose -5*b + r = -29, 3 = -3*b + 3*r + 30. Suppose -4*z = 4*s + 16, 3*z + 0*z + 12 = b*s. Suppose -4*j + 622 + 1318 = s. Is j composite?
True
Let a = -461 + 3410. Let h = -1312 + a. Is h a prime number?
True
Let q(h) = h**3 - 2*h**2. Let a be q(2). Suppose 4*w - 3437 - 2871 = a. Is w prime?
False
Let g(r) = 2*r**3 - 80*r**2 + 2*r - 40. Let j be g(40). Is 2/5 + 624304/j - -5 a composite number?
True
Let a = 110 - 116. Let p(x) = -4*x - 5. Let n be p(a). Is (57*1)/(n - 16) prime?
True
Suppose 364*d = -272*d + 309447708. Is d a composite number?
True
Suppose 1116399 - 3439045 = -47*c. Is c a prime number?
False
Suppose 0 = 3*z - z - 5*m - 9964, z = -4*m + 4995. Is z a prime number?
True
Suppose 10*f - 8*f - 3*f + 113441 = 0. Is f prime?
False
Let v(q) = -13*q**2 + 40*q - 163. Let h be v(4). Let u = 291 + 339. Let y = h + u. Is y a prime number?
True
Suppose 0 = f + 4*f - 10. Suppose -4 + f = -z. Suppose 5*v = -3*a + 5578, 2*v - z*a - 2228 = -0*a. Is v a composite number?
True
Suppose -4*a = 20, -4*h + 0*h + 4*a = -4. Let n(o) = -o**2 + 14*o + 34. Let c be n(0). Is 764*c*h/(-32) composite?
True
Let b = 145 + 14. Let h = b + 4. Is h prime?
True
Let l(o) be the second derivative of o**4/12 + o**3/6 + 79*o**2/2 + 3*o. Let q(m) = -m**2 - 7*m + 8. Let k be q(-8). Is l(k) a composite number?
False
Let r(v) = -3*v + 27. Let h be r(7). Suppose -5084 = -h*f + 11938. Is f a composite number?
False
Suppose -1012*i = -1048*i. Suppose o + 5*u + 47306 = 5*o, 23646 = 2*o + u. Suppose 4*k = 4*f + o, i*k - f - 14760 = -5*k. Is k a composite number?
True
Let l = 32 + -26. Suppose h = l*h + 5. Is 2008/30*3 + h/(-5) prime?
False
Suppose -7*q + 2*r + 58151 + 76712 = 0, -2*q + 38531 = -r. Is q composite?
False
Suppose -14*n = -24*n - 1650. Is (-11)/2*n - 11/22 a composite number?
False
Suppose -5*n - 78845 = 3*i - 336616, -4*n - i = -206214. Is n prime?
False
Let q(z) = 612*z**2 + 127*z - 132. Is q(13) composite?
False
Suppose 1593732 = -92*u + 96*u + 2*b, 5*u + 3*b - 1992163 = 0. Is u a prime number?
False
Suppose 3*n - 2*g = 2*n + 3473, -4*n + 5*g + 13898 = 0. Suppose 2*q = -2*d + 1398, 17*d = 5*q + 13*d - n. Is q a prime number?
False
Suppose -21067 = -3*t - x + 30802, -5*x = 2*t - 34562. Is t a prime number?
True
Suppose 0 = 9*c - 1059 - 2397. Suppose 12*v - 14*v = -c. Let n = v + -13. Is n composite?
False
Suppose 0 = -4*y + 3*q + 783550, -207*q + 202*q = 4*y - 783502. Is y prime?
True
Suppose 5*g + 36124 = 110*w - 106*w, -5*g + 36124 = 4*w. Is w a prime number?
False
Let g(j) = -j**3 + 52*j**2 + 82*j - 6. Is g(43) a prime number?
True
Is (326/(-4))/((-315)/108990) a prime number?
False
Let i = -78 + 81. Is 18/(-12)*(-3902)/i a prime number?
True
Let y = 5247 + 13312. Is y a composite number?
True
Suppose -2056 = m + 5*o - 68, 2*m - o + 3965 = 0. Let g = 388 - m. Is g prime?
True
Suppose 4*a + 9 = -4*x + 3*x, -a + 39 = 4*x. Let q be (0 - (-202)/(-4))/(x/(-2794)). Suppose 4957 = -10*o + q. Is o a composite number?
False
Let x(n) = 162241*n + 2530. Is x(3) prime?
False
Suppose 4*g - 5949 = -3*x, 3*g + 2*g - 7445 = 5*x. Let b = -888 + g. Suppose -5*p + p + b = 4*k, 4*p + 3*k - 605 = 0. Is p a composite number?
True
Su